s of n(-10).
2, 3
Let l = 95 - -32. What are the prime factors of l?
127
Let c be 8/(-12)*(-5 - 1). Suppose 3*h + 6 = -3*z, 0*z + c*z - 2*h = 22. List the prime factors of z.
3
Suppose 52*x = 50*x + 192. List the prime factors of x.
2, 3
Suppose -19*q + 4479 = -2114. List the prime factors of q.
347
Let j = -274 + 543. List the prime factors of j.
269
Let r = 751 + -484. List the prime factors of r.
3, 89
Let h be 2*2/(-8)*-2. Let k be -4 - -5 - (h + 0). Suppose 3*b = 5*f + 5*b - 64, k = -f - 2*b + 8. List the prime factors of f.
2, 7
List the prime factors of (-75)/(-9)*-8*15/(-4).
2, 5
Let o be (4/8)/((-2)/(-24)). Suppose 0*r = -2*r + o. What are the prime factors of r?
3
Suppose c - 25 = -4*c. Let j(k) = -7*k**2 + 3*k - 2. Let s(x) = 6*x**2 - 3*x + 2. Let y(m) = 5*j(m) + 6*s(m). What are the prime factors of y(c)?
2, 3
Let h(l) = -2*l - 16. List the prime factors of h(-9).
2
Let j(h) = -h**3 + 14*h**2 + 15*h + 2. Let y be j(15). Suppose -y + 11 = 3*m. List the prime factors of m.
3
Let o be (-2)/(-3*(-3)/18). Let r be 0*2/o*-1. Suppose 5*j - 2 - 18 = r. List the prime factors of j.
2
Suppose 3*w + 63 = 18. Suppose -39 = -5*x + 81. Let z = x + w. What are the prime factors of z?
3
Let c = -174 - -987. List the prime factors of (-8)/(-28) - c/(-21).
3, 13
Let u = 45 + 8. What are the prime factors of u?
53
Suppose 5*k = 15 - 0. Let p(u) = u**3 - 3*u**2 - u + 2. Let i be p(k). Let y = 3 - i. What are the prime factors of y?
2
List the prime factors of (-723)/(-9) - 2/6.
2, 5
Let h be 2*(3/(-6) - -1). Suppose h = 2*a - 9, 3*a = s + 13. Suppose 4*f + 32 = 2*j + s*j, -5*j + 64 = 3*f. List the prime factors of j.
11
Let h(j) = j**2 - 8*j + 2. Let c be h(8). Suppose 2 + c = 2*u. Suppose 3*i = u*w - 7*w + 16, 4*w + 16 = 0. List the prime factors of i.
2, 3
Let w = -291 + 642. List the prime factors of w.
3, 13
Let h = -95 + 145. Let i = h - 29. What are the prime factors of i?
3, 7
Let c(r) = 4*r - 4. Let n(b) = 4*b - 5. Let v(w) = 3*c(w) - 2*n(w). Suppose 5*j + 0*s = 3*s + 3, 3*j + 2*s - 17 = 0. What are the prime factors of v(j)?
2, 5
Suppose 0 = -x - 3*r + 4*r + 330, 5*x - 1638 = 2*r. What are the prime factors of x?
2, 163
Suppose 0 = -0*g + g - 4. Let m(k) = -k**3 + k + 3. Let n be m(0). Suppose -g*c = r - 4, 3*r = n*c - 12 - 6. What are the prime factors of c?
2
Suppose 3*q - 2*j = -2*q + 724, -434 = -3*q + j. Suppose 0 = -4*p + t + q, -t - 140 + 31 = -3*p. List the prime factors of p.
5, 7
Suppose -4*h + 8*h - 324 = 4*t, -4*h + 331 = 3*t. What are the prime factors of h?
2, 41
Suppose -4*c + 84 = 2*d, 5*d + 3*c - 89 = 128. List the prime factors of d.
2, 11
Let k = -104 + 220. List the prime factors of k.
2, 29
What are the prime factors of 40/((-8)/(-4)) + 4?
2, 3
Suppose -4*c = -8*q + 5*q, -4*q - c = 19. Let j(x) = -x**3 - 5*x**2 - 7*x - 5. List the prime factors of j(q).
7
List the prime factors of -12*((-3)/12 - 2/8).
2, 3
Suppose 7*z = 595 + 994. What are the prime factors of z?
227
Let l be 144/10*(-30)/(-9). Suppose 0 = -4*t - 0*t + l. What are the prime factors of t?
2, 3
Let g(u) = -5*u**2 + 1 - u**3 + 5*u**2. Let b be g(1). List the prime factors of 6/(2 - b/(-2)).
3
Let s = -105 - -3. Let n = s - -145. List the prime factors of n.
43
Let g be 1 - (-1 - (-1 - 0)). Let j be (g/2)/(4/32). Suppose -22 = -3*o - 0*o - j*f, f = -4*o + 12. List the prime factors of o.
2
Let q = -5 - -46. Let s = -11 + q. What are the prime factors of s?
2, 3, 5
List the prime factors of (-2 - -4) + 148 + (-3 - -2).
149
Suppose -6*f = -f - 120. Suppose -3*o - o = 4*g - f, 3*o - 2 = g. What are the prime factors of g?
2
Let h = -36 - -24. Let r = h + 26. What are the prime factors of r?
2, 7
Let y(j) = 3*j**2 - j + 1. Let q be y(1). Suppose -b + 4*v - 46 = -q*b, 0 = -5*v + 25. List the prime factors of b.
13
Let r(z) = -13*z**2 + 2*z + 2. Let d be r(2). Let s = 86 + d. What are the prime factors of s?
2, 5
Suppose -2 = -2*w + 34. Suppose 4*c + 2 = -5*m, c - m + 2 = 6. Suppose -c*d + w = 6. List the prime factors of d.
2, 3
Let h = -5 + 9. Suppose -2*g = -8, -3*r - 13 = -h*g - 3. Suppose -3*z + 32 = r. What are the prime factors of z?
2, 5
Suppose 56 = 3*m - 79. List the prime factors of m.
3, 5
Let m(v) = 4*v**2 - 3*v - 5. What are the prime factors of m(-2)?
17
Suppose i - 4*y = 72, 7*i + 3*y - 250 = 3*i. List the prime factors of i.
2
Let n = -111 + 166. What are the prime factors of n?
5, 11
Let w(t) = -t**2 - t + 2. Let i(l) = l - 2. Let m be i(2). Let p be w(m). Suppose -2*k = -3*z - 0*z + 42, 0 = -z - p*k + 6. List the prime factors of z.
2, 3
Suppose -4*q + 3*q + 5 = 0. What are the prime factors of q?
5
Suppose 5*q + 2*n - 206 = 2*q, -2*q - 5*n = -152. Suppose -j - q = -3*j. List the prime factors of j.
3, 11
Let p = -9 - -19. What are the prime factors of p?
2, 5
Let y(u) = -2 + 8*u - u - u**2 - 2*u. Let w = 16 - 13. What are the prime factors of y(w)?
2
Suppose -2*y = 5*q + 11, -3*y - 4*q + q = 3. Suppose m + 3*t = 52, 2*t - 22 + 94 = y*m. List the prime factors of 376/m - (-4)/(-10).
3
Let h = 19 - 13. Let q be (0 + 3)*(-4)/h. List the prime factors of (q/4)/((-1)/18).
3
Let q be (-268)/10 + 3/(-15). Let k = 16 + q. Let n = k + 32. What are the prime factors of n?
3, 7
Suppose -3*w - o + 14 = 0, -4*w + 5*o + 32 = 3*o. Let c be (2*-1)/((-3)/9). Let g = w + c. What are the prime factors of g?
2, 3
Let s(v) = -v**3 - 7*v**2 - 6*v + 3. Let r be s(-7). Suppose -7*w = -2*w - r. What are the prime factors of w?
3
Suppose 85 = 2*n - 1363. Suppose -2*h - 896 = 3*h - 4*l, 0 = -4*h - 4*l - n. List the prime factors of ((-12)/5)/(27/h).
2
Let i = 74 + -31. List the prime factors of i.
43
Suppose -k - 2*k = -45. Suppose 0 = 3*l - 2*l + k. Let n = 25 + l. List the prime factors of n.
2, 5
Suppose 3*w - 8 = -w. Suppose w*t - 18 = -0*t. List the prime factors of t.
3
Let s = -70 + 98. List the prime factors of s.
2, 7
List the prime factors of (-2 - -3)/((3/(-489))/(-1)).
163
Let n(h) = -h**3 + 3*h**2 + 3*h + 5. Let m be n(4). Let v be (0/(m + -4))/3. What are the prime factors of 1/((-1)/(-17) - v)?
17
Let x(s) = s**2 - 6. Let y be x(3). Suppose -y*j = -133 - 32. What are the prime factors of j?
5, 11
Let x(f) = f**3 + 5*f**2 + 3*f + 2. Let z be 20/(-5) + -1 + 1. List the prime factors of x(z).
2, 3
Let c be (3/(-6) + 1)*10. Let l(y) = -y**2 + 5*y + 2. Let r be l(c). Suppose 14 = -r*q + 4*q. What are the prime factors of q?
7
Suppose -142 = -4*t + 190. Suppose -4*k + t = 19. What are the prime factors of k?
2
Let m(j) = j**3 + 13*j**2 + 10*j - 11. List the prime factors of m(-12).
13
Let k(h) = -h**3 - 7*h**2 + 2*h + 9. What are the prime factors of k(-8)?
3, 19
Let k(x) = x**3 - 9*x**2 + 7*x - 8. Suppose 0 = 5*p - 0*p - 35. Let d be k(p). What are the prime factors of 4/(3 + d/21)?
2, 7
Suppose 5*j + 6 = 3*l - l, -4*l - 18 = 5*j. Let y(p) = 2*p**3 - 6*p**3 - 2 + 3*p**3. List the prime factors of y(l).
2, 3
Suppose -3*v + 31 + 73 = 4*x, 0 = -5*x + 3*v + 103. Let k = -8 + x. What are the prime factors of k?
3, 5
Suppose 5*z + 0*w - 57 = w, 24 = 3*z - 4*w. Let x be (56/z)/((-4)/(-78)). Suppose v - 16 = -2*o, 5*v + 2*o + 27 = x. List the prime factors of v.
2, 3
Let x be (90/4)/(1/2). Suppose x = 2*z - f, 5*z + f = -9 + 125. What are the prime factors of z?
23
Let h be ((-27)/1)/((-15)/(-10)). Let o = -6 - h. What are the prime factors of o?
2, 3
Let f(t) = -5*t - 9. List the prime factors of f(-3).
2, 3
Suppose -8 = 2*c - 28. Let i = c - 4. List the prime factors of i.
2, 3
Let y = 106 - 61. What are the prime factors of y?
3, 5
Suppose 0 = -4*j + 20 + 60. Suppose -j = -5*o + 45. List the prime factors of o.
13
Let w(k) = 9*k**2 + 8*k + 8. List the prime factors of w(-5).
193
Let a(h) = -4*h - 7. What are the prime factors of a(-12)?
41
Let j(n) = n**2 - n - 1. Let y(l) = -5*l**2 - l + 7. Let k(s) = -2*j(s) - y(s). List the prime factors of k(-4).
31
Let q be ((-9)/(-6))/(2/4). Suppose 0 = -q*c + 6. Suppose c = -t + 17. What are the prime factors of t?
3, 5
Let d(j) = 2*j**2 + 2*j + 2*j - 2 - j. What are the prime factors of d(-3)?
7
Let y be 585/25 + 2/(-5). Let w be y/7 + 12/(-42). Suppose -3*j = -0*j + 3*s - 24, -w*j - 5*s = -28. What are the prime factors of j?
2, 3
Suppose -4*z - 54 = -6. Let u = 24 + z. What are the prime factors of u?
2, 3
Let s(u) = -